 base 14.
0
What is 2 (base 5) in base 4?
2
2 (base 15) to base 9
2
Convert -9 (base 15) to base 13.
-9
What is 25 (base 8) in base 3?
210
What is 121 (base 3) in base 13?
13
What is 4 (base 5) in base 11?
4
3 (base 5) to base 7
3
b (base 14) to base 3
102
Convert 36 (base 7) to base 15.
1c
6 (base 14) to base 5
11
What is -2 (base 11) in base 10?
-2
What is -100 (base 2) in base 5?
-4
11 (base 7) to base 15
8
Convert 9 (base 10) to base 7.
12
Convert 178 (base 10) to base 16.
b2
-100 (base 15) to base 9
-270
198 (base 16) to base 9
503
Convert -6 (base 13) to base 3.
-20
What is -38 (base 11) in base 4?
-221
What is 14a (base 14) in base 11?
219
What is 155 (base 9) in base 11?
10a
-10112 (base 3) to base 12
-7b
What is -42 (base 12) in base 7?
-101
Convert -5 (base 15) to base 6.
-5
What is -202 (base 13) in base 15?
-17a
5d (base 14) to base 2
1010011
222 (base 3) to base 5
101
What is 4 (base 9) in base 14?
4
What is -1 (base 7) in base 3?
-1
Convert -2 (base 9) to base 13.
-2
-a (base 16) to base 10
-10
-3 (base 5) to base 9
-3
What is -6 (base 11) in base 14?
-6
Convert -44 (base 13) to base 6.
-132
200 (base 6) to base 15
4c
75 (base 10) to base 4
1023
What is 10 (base 3) in base 6?
3
What is -101 (base 2) in base 7?
-5
Convert 1 (base 12) to base 13.
1
Convert -1310 (base 5) to base 11.
-177
What is -22 (base 3) in base 11?
-8
10 (base 2) to base 5
2
What is -110 (base 6) in base 12?
-36
Convert -c2 (base 13) to base 15.
-a8
37 (base 9) to base 8
42
Convert 1010 (base 3) to base 11.
28
-12 (base 16) to base 4
-102
What is 8 (base 10) in base 7?
11
-63 (base 7) to base 12
-39
Convert 21 (base 15) to base 7.
43
What is 10 (base 10) in base 13?
a
e (base 16) to base 15
e
What is 1033 (base 6) in base 7?
456
Convert -10 (base 3) to base 10.
-3
What is 2 (base 13) in base 8?
2
What is -22 (base 8) in base 4?
-102
-5 (base 15) to base 10
-5
Convert -23 (base 7) to base 9.
-18
What is -260 (base 10) in base 6?
-1112
Convert 4 (base 10) to base 12.
4
Convert -12 (base 5) to base 7.
-10
What is 3 (base 16) in base 14?
3
Convert 21202 (base 3) to base 5.
1314
What is -3 (base 6) in base 12?
-3
26 (base 7) to base 15
15
4 (base 6) to base 16
4
-5 (base 6) to base 12
-5
Convert -2 (base 6) to base 7.
-2
What is -1 (base 16) in base 11?
-1
Convert -10 (base 3) to base 16.
-3
Convert 16 (base 8) to base 7.
20
What is -50 (base 10) in base 4?
-302
What is 3 (base 10) in base 13?
3
What is -9 (base 15) in base 2?
-1001
Convert -3 (base 5) to base 16.
-3
5 (base 9) to base 15
5
Convert -14 (base 9) to base 7.
-16
Convert 83 (base 9) to base 6.
203
-e2 (base 16) to base 12
-16a
Convert -3 (base 6) to base 2.
-11
Convert -4 (base 7) to base 11.
-4
What is -2221 (base 3) in base 12?
-67
What is -2 (base 15) in base 5?
-2
42 (base 8) to base 5
114
What is 36 (base 8) in base 13?
24
What is 1110110 (base 2) in base 13?
91
What is 3 (base 7) in base 11?
3
What is 1b (base 14) in base 9?
27
Convert -1100001 (base 2) to base 5.
-342
Convert -2 (base 9) to base 8.
-2
-46 (base 7) to base 6
-54
What is 3 (base 7) in base 13?
3
Convert -2 (base 8) to base 3.
-2
8 (base 9) to base 5
13
Convert -37 (base 12) to base 4.
-223
Convert -83 (base 10) to base 15.
-58
What is 0 (base 13) in base 4?
0
45 (base 13) to base 6
133
-13 (base 12) to base 11
-14
Convert 101 (base 2) to base 15.
5
What is -5 (base 8) in base 14?
-5
6 (base 12) to base 14
6
What is -68 (base 9) in base 7?
-116
What is 2 (base 14) in base 15?
2
-2001 (base 3) to base 4
-313
100000000 (base 2) to base 13
169
Convert -4 (base 12) to base 8.
-4
Convert -6 (base 10) to base 11.
-6
85 (base 12) to base 16
65
-c (base 13) to base 5
-22
Convert 3 (base 6) to base 7.
3
Convert 3 (base 16) to base 12.
3
Convert 120 (base 4) to base 5.
44
Convert 41 (base 14) to base 5.
212
14 (base 8) to base 2
1100
-110 (base 12) to base 6
-420
Convert -1b (base 13) to base 10.
-24
What is 3 (base 4) in base 6?
3
What is 10 (base 5) in base 16?
5
-74 (base 9) to base 2
-1000011
2 (base 5) to base 8
2
12 (base 7) to base 8
11
-1 (base 5) to base 9
-1
-1 (base 13) to base 15
-1
Convert -f (base 16) to base 12.
-13
Convert 6 (base 7) to base 6.
10
What is -10 (base 9) in base 12?
-9
What is 5 (base 6) in base 9?
5
Convert -120 (base 3) to base 5.
-30
What is -10 (base 6) in base 3?
-20
Convert -14 (base 13) to base 12.
-15
6 (base 11) to base 13
6
What is 26 (base 10) in base 7?
35
What is -50 (base 8) in base 3?
-1111
10 (base 15) to base 16
f
-3 (base 5) to base 11
-3
2 (base 7) to base 2
10
Convert -3 (base 15) to base 16.
-3
What is -1b (base 14) in base 6?
-41
Convert 2 (base 4) to base 12.
2
222 (base 4) to base 13
33
Convert -26 (base 11) to base 12.
-24
What is -116 (base 7) in base 11?
-57
What is -2 (base 10) in base 15?
-2
-1100011 (base 2) to base 9
-120
Convert 3 (base 10) to base 15.
3
-43 (base 13) to base 3
-2001
-11 (base 16) to base 14
-13
What is 10 (base 9) in base 15?
9
What is 1 (base 16) in base 10?
1
What is 132 (base 8) in base 16?
5a
Convert -10 (base 8) to base 11.
-8
Convert -4 (base 12) to base 15.
-4
What is -54 (base 7) in base 10?
-39
What is -24 (base 7) in base 5?
-33
Convert -1211 (base 3) to base 6.
-121
What is -2 (base 14) in base 5?
-2
What is 3 (base 11) in base 2?
11
-17 (base 16) to base 11
-21
Convert 10001 (base 2) to base 7.
23
Convert -67 (base 10) to base 5.
-232
-43 (base 15) to base 3
-2100
Convert 467 (base 8) to base 6.
1235
-5 (base 16) to base 8
-5
Convert 75 (base 14) to base 10.
103
What is 0 (base 9) in base 10?
0
Convert -13 (base 4) to base 7.
-10
Convert -147 (base 10) to base 14.
-a7
Convert -3 (base 5) to base 14.
-3
What is f (base 16) in base 14?
11
What is -1002 (base 4) in base 5?
-231
Convert 311 (base 4) to base 14.
3b
Convert -2 (base 16) to base 6.
-2
-5 (base 15) to base 9
-5
Convert -4a (base 12) to base 16.
-3a
Convert 2 (base 15) to base 3.
2
-1100110 (base 2) to base 16
-66
-21 (base 6) to base 12
-11
Convert 171 (base 12) to base 7.
445
-7 (base 8) to base 3
-21
-4 (base 14) to base 6
-4
12 (base 16) to base 8
22
Convert 7 (base 10) to base 14.
7
Convert -196 (base 12) to base 13.
-16b
Convert 70 (base 12) to base 11.
77
Convert 54 (base 9) to base 16.
31
Convert -103 (base 5) to base 10.
-28
101 (base 2) to base 11
5
Convert -645 (base 7) to base 4.
-11013
Convert 2a (base 14) to base 7.
53
Convert 1 (base 2) to base 15.
1
1 (base 6) to base 2
1
Convert -1 (base 16) to base 14.
-1
-232 (base 6) to base 10
-92
3311 (base 4) to base 3
100002
What is 75 (base 15) in base 10?
110
Convert a8 (base 12) to base 13.
9b
5 (base 14) to base 8
5
What is -8 (base 12) in base 16?
-8
169 (base 10) to base 4
2221
What is -54 (base 6) in base 7?
-46
Convert 1 (base 8) to base 15.
1
Convert 2322 (base 4) to base 12.
136
What is 213 (base 4) in base 12?
33
Convert -42 (base 12) to base 16.
-32
Convert 3 (base 7) to base 10.
3
Convert -1 (base 3) to base 9.
-1
What is -50 (base 6) in base 9?
-33
3 (base 4) to base 11
3
What is 222 (base 4) in base 15?
2c
Convert -1 (base 12) to base 4.
-1
What is -10011 (base 2) in base 3?
-201
Convert -5 (base 6) to base 16.
-5
Convert -35 (base 6) to base 7.
-32
What is 1 (base 6) in base 10?
1
0 (base 16) to base 12
0
Convert 28 (base 10) to base 2.
11100
What is -b (base 13) in base 15?
-b
What is -4 (base 14) in base 16?
-4
11 (base 2) to base 9
3
Convert 1 (base 10) to base 4.
1
What is -2 (base 9) in base 6?
-2
Convert -110 (base 6) to base 15.
-2c
What is 121 (base 4) in base 12?
21
Convert -12 (base 8) to base 7.
-13
What is 101 (base 8) in base 16?
41
11000 (base 2) to base 5
44
Convert 59 (base 14) to base 6.
211
What is 0 (base 12) in base 13?
0
What is 11 (base 3) in base 2?
100
-11011 (base 2) to base 6
-43
3 (base 6) to base 2
11
8 (base 11) to base 4
20
What is b (base 15) in base 14?
b
63 (base 11) to base 8
105
Convert 5 (base 15) to base 14.
5
Convert -3 (base 4) to base 15.
-3
What is 12 (base 6) in base 4?
20
Convert -10 (base 2) to base 5.
-2
-10 (base 11) to base 6
-15
Convert -5 (base 16) to base 13.
-5
What is 30 (base 8) in base 7?
33
-69 (base 12) to base 16
-51
What is -52 (base 14) in base 16?
-48
Convert -b (base 14) to base 13.
-b
Convert -33 (base 4) to base 5.
-30
-21012 (base 3) to base 12
-142
79 